{"id":182,"date":"2021-11-11T15:17:01","date_gmt":"2021-11-11T14:17:01","guid":{"rendered":"https:\/\/jefpreti.com\/?page_id=182"},"modified":"2021-12-03T15:12:45","modified_gmt":"2021-12-03T14:12:45","slug":"182-2","status":"publish","type":"page","link":"https:\/\/jefpreti.com\/index.php\/182-2\/","title":{"rendered":"Jef PRETI &#8211; Portfolio &#8211; Divers"},"content":{"rendered":"<p>[et_pb_section fb_built=\u00a0\u00bb1&Prime; fullwidth=\u00a0\u00bbon\u00a0\u00bb _builder_version=\u00a0\u00bb4.13.0&Prime; _module_preset=\u00a0\u00bbdefault\u00a0\u00bb global_colors_info=\u00a0\u00bb{}\u00a0\u00bb][et_pb_fullwidth_header title=\u00a0\u00bbDivers\u00a0\u00bb text_orientation=\u00a0\u00bbcenter\u00a0\u00bb module_id=\u00a0\u00bbPortfolio-Perspectives\u00a0\u00bb _builder_version=\u00a0\u00bb4.13.0&Prime; _module_preset=\u00a0\u00bbdefault\u00a0\u00bb title_font=\u00a0\u00bb||||||||\u00a0\u00bb title_text_align=\u00a0\u00bbcenter\u00a0\u00bb title_font_size=\u00a0\u00bb80px\u00a0\u00bb background_image=\u00a0\u00bbhttp:\/\/jefpreti.com\/wp-content\/uploads\/2021\/11\/Jefpreti-Perspectiviste-Graphiste-3D-Architecture-Design-Persepctive-04.jpg\u00a0\u00bb parallax=\u00a0\u00bbon\u00a0\u00bb title_font_size_tablet=\u00a0\u00bb50px\u00a0\u00bb title_font_size_phone=\u00a0\u00bb30px\u00a0\u00bb title_font_size_last_edited=\u00a0\u00bbon|desktop\u00a0\u00bb title_text_shadow_style=\u00a0\u00bbpreset1&Prime; title_text_shadow_color=\u00a0\u00bb#000000&Prime; global_colors_info=\u00a0\u00bb{}\u00a0\u00bb][\/et_pb_fullwidth_header][\/et_pb_section][et_pb_section fb_built=\u00a0\u00bb1&Prime; _builder_version=\u00a0\u00bb4.13.0&Prime; _module_preset=\u00a0\u00bbdefault\u00a0\u00bb custom_margin=\u00a0\u00bb||||false|false\u00a0\u00bb custom_padding=\u00a0\u00bb||||false|false\u00a0\u00bb global_colors_info=\u00a0\u00bb{}\u00a0\u00bb][et_pb_row column_structure=\u00a0\u00bb1_4,3_4&Prime; _builder_version=\u00a0\u00bb4.13.0&Prime; _module_preset=\u00a0\u00bbdefault\u00a0\u00bb global_colors_info=\u00a0\u00bb{}\u00a0\u00bb][et_pb_column type=\u00a0\u00bb1_4&Prime; _builder_version=\u00a0\u00bb4.13.0&Prime; _module_preset=\u00a0\u00bbdefault\u00a0\u00bb global_colors_info=\u00a0\u00bb{}\u00a0\u00bb][et_pb_image src=\u00a0\u00bbhttp:\/\/jefpreti.com\/wp-content\/uploads\/2021\/11\/3DS-max-pour-l-architecture-208&#215;300.jpg\u00a0\u00bb title_text=\u00a0\u00bb3DS-max-pour-l-architecture\u00a0\u00bb _builder_version=\u00a0\u00bb4.13.0&Prime; _module_preset=\u00a0\u00bbdefault\u00a0\u00bb global_colors_info=\u00a0\u00bb{}\u00a0\u00bb][\/et_pb_image][\/et_pb_column][et_pb_column type=\u00a0\u00bb3_4&Prime; _builder_version=\u00a0\u00bb4.13.0&Prime; _module_preset=\u00a0\u00bbdefault\u00a0\u00bb global_colors_info=\u00a0\u00bb{}\u00a0\u00bb][et_pb_text _builder_version=\u00a0\u00bb4.14.2&Prime; _module_preset=\u00a0\u00bbdefault\u00a0\u00bb hover_enabled=\u00a0\u00bb0&Prime; text_font_size_tablet=\u00a0\u00bb\u00a0\u00bb text_font_size_phone=\u00a0\u00bb\u00a0\u00bb text_font_size_last_edited=\u00a0\u00bbon|phone\u00a0\u00bb header_font_size_tablet=\u00a0\u00bb\u00a0\u00bb header_font_size_phone=\u00a0\u00bb\u00a0\u00bb header_font_size_last_edited=\u00a0\u00bbon|tablet\u00a0\u00bb global_colors_info=\u00a0\u00bb{}\u00a0\u00bb sticky_enabled=\u00a0\u00bb0&Prime;]<\/p>\n<h1 style=\"text-align: center;\"><strong>Formation en ligne et DVD Elephorm<\/strong><\/h1>\n<p>&nbsp;<\/p>\n<p>\u00ab\u00a0Rendez vos plans hyper-r\u00e9alistes ! Dans ce tuto 3ds Max en vid\u00e9os, d\u00e9couvrez les diverses \u00e9tapes de r\u00e9alisation d&rsquo;un rendu architectural professionnel de tr\u00e8s grande qualit\u00e9 avec le logiciel d&rsquo;animation, mod\u00e9lisation et rendu 3D. Jean-Francois Preti vous guide pas \u00e0 pas dans un atelier complet de cr\u00e9ation de vos perspectives 3D, o\u00f9 vous allez vous servir de vos comp\u00e9tences techniques ainsi que de votre sens artistique. Vous allez d\u00e9couvrir dans ce tutoriel les techniques d&rsquo;utilisation les plus indispensables ainsi que les astuces d&rsquo;un professionnel reconnu.\u00a0\u00bb<\/p>\n<p style=\"text-align: center;\"><strong><\/strong><\/p>\n<p style=\"text-align: center;\"><strong><a href=\"https:\/\/www.elephorm.com\/formation\/3d\/3ds-max\/3ds-max-2014-pour-larchitecture\" target=\"_blank\" rel=\"noopener\">\u00a0Retrouvez la formation ICI<\/a><\/strong><\/p>\n<p>&nbsp;<\/p>\n<p>&nbsp;<\/p>\n<p>[\/et_pb_text][\/et_pb_column][\/et_pb_row][et_pb_row column_structure=\u00a0\u00bb3_5,2_5&Prime; _builder_version=\u00a0\u00bb4.13.0&Prime; _module_preset=\u00a0\u00bbdefault\u00a0\u00bb global_colors_info=\u00a0\u00bb{}\u00a0\u00bb][et_pb_column type=\u00a0\u00bb3_5&Prime; _builder_version=\u00a0\u00bb4.13.0&Prime; _module_preset=\u00a0\u00bbdefault\u00a0\u00bb global_colors_info=\u00a0\u00bb{}\u00a0\u00bb][et_pb_text _builder_version=\u00a0\u00bb4.14.2&Prime; _module_preset=\u00a0\u00bbdefault\u00a0\u00bb hover_enabled=\u00a0\u00bb0&Prime; text_font_size_tablet=\u00a0\u00bb\u00a0\u00bb text_font_size_phone=\u00a0\u00bb\u00a0\u00bb text_font_size_last_edited=\u00a0\u00bbon|phone\u00a0\u00bb header_font_size_tablet=\u00a0\u00bb\u00a0\u00bb header_font_size_phone=\u00a0\u00bb\u00a0\u00bb header_font_size_last_edited=\u00a0\u00bbon|phone\u00a0\u00bb global_colors_info=\u00a0\u00bb{}\u00a0\u00bb sticky_enabled=\u00a0\u00bb0&Prime;]<\/p>\n<h1><strong>Salon Espritmeuble 2015<\/strong><\/h1>\n<p><strong><\/strong><\/p>\n<p>Cr\u00e9ation de l\u2019affiche, des perspectives commerciales et design du d\u00e9cors \u201cOrigami\u201d pour le salon Espritmeuble 2015.<\/p>\n<p>(Client: agence Win-Win)<\/p>\n<p>[\/et_pb_text][\/et_pb_column][et_pb_column type=\u00a0\u00bb2_5&Prime; _builder_version=\u00a0\u00bb4.13.0&Prime; _module_preset=\u00a0\u00bbdefault\u00a0\u00bb global_colors_info=\u00a0\u00bb{}\u00a0\u00bb][et_pb_image src=\u00a0\u00bbhttp:\/\/jefpreti.com\/wp-content\/uploads\/2021\/11\/Jefpreti-Perspectiviste-Graphiste-3D-Architecture-Design-Persepctive-04.jpg\u00a0\u00bb title_text=\u00a0\u00bbJefpreti-Perspectiviste-Graphiste-3D-Architecture-Design-Persepctive-04&Prime; _builder_version=\u00a0\u00bb4.13.0&Prime; _module_preset=\u00a0\u00bbdefault\u00a0\u00bb global_colors_info=\u00a0\u00bb{}\u00a0\u00bb][\/et_pb_image][\/et_pb_column][\/et_pb_row][et_pb_row _builder_version=\u00a0\u00bb4.13.0&Prime; _module_preset=\u00a0\u00bbdefault\u00a0\u00bb global_colors_info=\u00a0\u00bb{}\u00a0\u00bb][et_pb_column type=\u00a0\u00bb4_4&Prime; _builder_version=\u00a0\u00bb4.13.0&Prime; _module_preset=\u00a0\u00bbdefault\u00a0\u00bb global_colors_info=\u00a0\u00bb{}\u00a0\u00bb][et_pb_video src=\u00a0\u00bbhttps:\/\/www.youtube.com\/watch?v=8_INoBAw-GQ\u00a0\u00bb _builder_version=\u00a0\u00bb4.13.0&Prime; _module_preset=\u00a0\u00bbdefault\u00a0\u00bb global_colors_info=\u00a0\u00bb{}\u00a0\u00bb][\/et_pb_video][\/et_pb_column][\/et_pb_row][\/et_pb_section]<\/p>\n","protected":false},"excerpt":{"rendered":"<p>Formation en ligne et DVD Elephorm &nbsp; \u00ab\u00a0Rendez vos plans hyper-r\u00e9alistes ! Dans ce tuto 3ds Max en vid\u00e9os, d\u00e9couvrez les diverses \u00e9tapes de r\u00e9alisation d&rsquo;un rendu architectural professionnel de tr\u00e8s grande qualit\u00e9 avec le logiciel d&rsquo;animation, mod\u00e9lisation et rendu 3D. Jean-Francois Preti vous guide pas \u00e0 pas dans un atelier complet de cr\u00e9ation de [&hellip;]<\/p>\n","protected":false},"author":1,"featured_media":0,"parent":0,"menu_order":0,"comment_status":"closed","ping_status":"closed","template":"","meta":{"_et_pb_use_builder":"on","_et_pb_old_content":"","_et_gb_content_width":"","_monsterinsights_skip_tracking":false,"_monsterinsights_sitenote_active":false,"_monsterinsights_sitenote_note":"","_monsterinsights_sitenote_category":0},"aioseo_notices":[],"_links":{"self":[{"href":"https:\/\/jefpreti.com\/index.php\/wp-json\/wp\/v2\/pages\/182"}],"collection":[{"href":"https:\/\/jefpreti.com\/index.php\/wp-json\/wp\/v2\/pages"}],"about":[{"href":"https:\/\/jefpreti.com\/index.php\/wp-json\/wp\/v2\/types\/page"}],"author":[{"embeddable":true,"href":"https:\/\/jefpreti.com\/index.php\/wp-json\/wp\/v2\/users\/1"}],"replies":[{"embeddable":true,"href":"https:\/\/jefpreti.com\/index.php\/wp-json\/wp\/v2\/comments?post=182"}],"version-history":[{"count":12,"href":"https:\/\/jefpreti.com\/index.php\/wp-json\/wp\/v2\/pages\/182\/revisions"}],"predecessor-version":[{"id":256,"href":"https:\/\/jefpreti.com\/index.php\/wp-json\/wp\/v2\/pages\/182\/revisions\/256"}],"wp:attachment":[{"href":"https:\/\/jefpreti.com\/index.php\/wp-json\/wp\/v2\/media?parent=182"}],"curies":[{"name":"wp","href":"https:\/\/api.w.org\/{rel}","templated":true}]}}